r when y is divided by ((-2)/s)/((-2)/44)?
10
Let i be (0 + 2)*1 - -20. Let m be (-48)/(-28)*70/15. Let j = i - m. Calculate the remainder when 25 is divided by j.
11
Suppose 2*k = 4*v + 38, 0 = -0*k + 4*k + 4. Let u = 31 + v. What is the remainder when 41 is divided by u?
20
Let u = -231 + 271. Calculate the remainder when 118 is divided by u.
38
Let p(k) = -5*k**2 + 10*k - 5. Let a(r) = -14*r**2 + 29*r - 16. Let c(j) = 6*a(j) - 17*p(j). Calculate the remainder when 38 is divided by c(-7).
8
Let l be 78/(-15) + 1/5. Suppose 10 + 21 = n. Calculate the remainder when n is divided by (1 + 66/(-15))*l.
14
Calculate the remainder when 14 is divided by ((-150)/180)/(1/(-12)).
4
Let z(p) = 1. Let f(v) = v + 2. Let q(d) = f(d) + 4*z(d). What is the remainder when 11 is divided by q(-3)?
2
Let x be (5 + (-11)/3)*93. Suppose -x = -4*a - 24. Calculate the remainder when (98/6)/(3/9) is divided by a.
24
Let x(p) = 20*p**3 + p. Let r be x(-1). Let f = 17 - 7. Calculate the remainder when r/126 + 235/6 is divided by f.
9
Let p = 84 + -81. Let m(v) = v**2 - 2*v + 9. What is the remainder when 119 is divided by m(p)?
11
Suppose -209*y = -211*y + 380. What is the remainder when y is divided by 12?
10
Suppose o = 8*a - 3*a - 1363, 0 = 5*a - 3*o - 1369. What is the remainder when a is divided by 13?
12
Let s = 28 + -51. Let l = 73 + s. Let m = l - 33. Calculate the remainder when m is divided by 5.
2
Suppose 5*w + 109 = 29. Let a(o) = -o**3 - 6*o**2 - o - 1. Let f be a(-6). Calculate the remainder when (-4)/f*600/w is divided by 16.
14
Suppose -10*n + 4*a + 116 = -9*n, -3*a - 357 = -3*n. What is the remainder when n is divided by 46?
28
Let l = -566 - -618. Calculate the remainder when l is divided by 18.
16
Let t(v) = v**2 + 5*v + 17. Calculate the remainder when t(6) is divided by 43.
40
Suppose 12*u + 744 = -0*u. Let k = u + 79. What is the remainder when 62 is divided by k?
11
Let a = -423 + 595. Suppose -r + a = 40. Calculate the remainder when r is divided by 9.
6
Let u = -50 - -93. Let h(r) = r**3 + 8*r**2 - 10*r - 8. Let k be h(-9). Let s(f) = 14*f**2 + 2*f - 1. What is the remainder when u is divided by s(k)?
13
Let z = -66 - -68. Let y(c) = 5*c**2 - 9*c + 1. Calculate the remainder when 4 is divided by y(z).
1
Suppose -2*m + 3*v + 100 = v, -5*m + 234 = -v. Calculate the remainder when m is divided by (-26)/39*(-2 + -10).
6
Suppose -m + 2*m = 12. Suppose -s + 96 = s. Suppose 5*z = -s + 333. What is the remainder when z is divided by m?
9
Suppose 8*y = 335 + 65. Suppose 44 = 4*w - 12. What is the remainder when y is divided by w?
8
Let r(y) = 49*y**2 + 19*y - 115. What is the remainder when r(4) is divided by 34?
31
Let d be 36/(-10) + (-20)/50. Let f(h) = h**3 + 4*h**2 - h + 11. Calculate the remainder when 43 is divided by f(d).
13
Calculate the remainder when 8/(-26) + 281829/1443 is divided by 80.
35
Suppose -2*w + 717 + 1923 = 3*g, w - 3520 = -4*g. What is the remainder when g is divided by 98?
96
Suppose 1127 = m - 3*p, 2*m = 6*m - 4*p - 4524. What is the remainder when m is divided by 27?
26
Suppose 75 - 299 = -8*f. What is the remainder when 78 is divided by f?
22
Let y(l) = -33*l - 13. Let v be (-12)/16 + (-13)/4. Suppose -3*u + 1 = -5*r - 89, -3*r = 5*u - 150. Calculate the remainder when y(v) is divided by u.
29
Let d be ((-18)/(-27))/((-2)/(-6)). Suppose d*j = -j. Suppose -3*r + 9 = s, j = 4*r - 3*s - 1 + 2. Calculate the remainder when 4 is divided by r.
0
Suppose c - s = -0*s + 41, c - 5*s = 49. Calculate the remainder when 67 is divided by c.
28
Let a(o) = -2*o - 6*o + 2*o**2 - 2 - 2 - 3*o**2. Let d = 0 - -3. What is the remainder when d is divided by a(-7)?
0
Suppose 1 = -3*y - z - 19, -4*y = 2*z + 24. Let r(o) = o**3 + 10*o**2 + 13*o + 10. Calculate the remainder when r(y) is divided by 19.
15
What is the remainder when 482 is divided by (-880)/(-10) + 16 - (8 - 1)?
94
Let h = 115 + -91. Calculate the remainder when h is divided by 16.
8
Let v = 16 + -14. Suppose 8 + v = 2*a. Suppose 24 = -a*g + 144. Calculate the remainder when 93 is divided by g.
21
Suppose 159*f - 155*f - 8 = 0, 3*a + 3*f = 438. What is the remainder when a is divided by 26?
14
Suppose 1103*q + 830 = 1105*q. What is the remainder when q is divided by 106?
97
Let s(w) = w - 5. Let n(a) = 2*a - 37. Calculate the remainder when s(15) is divided by n(20).
1
Let k(j) = 6*j + 22. Suppose -260 = -3*h - h. What is the remainder when h is divided by k(0)?
21
Suppose -5*v - 60 = -3*m, 3*v - 4*m = -12 - 35. Calculate the remainder when -3*2*(-3)/v + 125 is divided by 31.
30
Let s(z) = 7*z - 2. Suppose -3*y - 516 = 2*y + f, -3*f = 5*y + 508. Let p = 205 + y. What is the remainder when p is divided by s(4)?
23
Suppose -4*w + 5*i = -263, -68*i + 64*i = -4. Let g = 23 - 13. Calculate the remainder when w is divided by g.
7
Suppose 4*y - 896 = -376. Suppose 17*k - b = 15*k + 47, -k - 3*b + 13 = 0. What is the remainder when y is divided by k?
20
Let w(o) = -o + 12. Suppose -5*a + 215 = -10*a. Let p = a - -65. What is the remainder when p is divided by w(0)?
10
Let l be 15/25 + 4/10. Suppose -l = -v + 3. Suppose 18 = -v*a + 74. What is the remainder when a is divided by 8?
6
Suppose r - 3*r = -5*c + 65, 3*c - 30 = 3*r. Calculate the remainder when c is divided by 8.
7
Let t(p) = -4*p - 1. Let x be 46/4 + 2/4 - 3. Suppose -3*q + x = 3*f, -5*f - q + 20 + 3 = 0. What is the remainder when f is divided by t(-1)?
2
Let i(b) = -b**3 - 2*b**2 + 5*b + 2. Suppose 180 = 5*w + 30. Suppose w*u - 32*u + 80 = 0. What is the remainder when u is divided by i(-4)?
12
Calculate the remainder when 580 is divided by (18/240*-8)/(1/(-30)).
4
Suppose 3*f - 44 = 4. Let d = 19 - f. Suppose -2*a - 3 = -5*z - 48, d*a - 99 = -3*z. Calculate the remainder when 89 is divided by a.
29
Let k(i) = -i**2 - 7. Let h be k(0). Let t(s) = s**3 + 9*s**2 + 6*s - 10. What is the remainder when 182 is divided by t(h)?
44
Suppose -5*m + 30 = 5*h, 2*h - 19 = 5*m - 0*m. What is the remainder when 15 is divided by 5/(-10)*6 + h?
3
Suppose -85 + 196 = 3*n. What is the remainder when n is divided by 33?
4
Let i = -724 - -746. What is the remainder when 83 is divided by i?
17
Let u = -454 + 505. Calculate the remainder when 407 is divided by u.
50
Suppose 5*q - 478 - 1682 = -5*g, -5*q - 1336 = -3*g. What is the remainder when g is divided by 216?
5
Suppose 5*o - 15 = 25. Suppose 5*u - 15 = 0, m - 31 - 6 = 5*u. Calculate the remainder when m is divided by 73/4 + o/(-32).
16
Calculate the remainder when 55 is divided by 12/(-16) - (-2 + 237/(-12)).
13
Let k = 12 + -6. Let y be (9/12)/(k/16). Suppose y*q - 3*q + 15 = 0. Calculate the remainder when q is divided by 6.
3
Let u(d) be the third derivative of d**5/60 + d**4/2 - 11*d**3/6 - 13*d**2. What is the remainder when 13 is divided by u(-13)?
1
Suppose y + 2 = 0, -3*y - 488 = -k + y. Suppose 2*h = 5*s + 3*h - k, 480 = 5*s - 2*h. What is the remainder when s is divided by 49?
47
What is the remainder when 262 is divided by 10/(-5)*(-8 + 4)/1?
6
Let q = 17 + -11. Suppose 5*t = 261 - 16. Calculate the remainder when t is divided by q/(-4)*338/(-39).
10
Suppose -19*t + 868 = -15*t. Suppose 0 = 5*b + 2*b - t. Calculate the remainder when b is divided by 17.
14
Suppose x - 19 = -0*x. Suppose -7 = 3*c - 10. What is the remainder when 333/9*c/1 is divided by x?
18
Let g(b) = -13*b + 31. What is the remainder when 9 is divided by g(2)?
4
Let t be 1490/15 + (-2)/6. Suppose 3*v + 0*v - t = -2*k, -5*v + 165 = -5*k. Calculate the remainder when 65 is divided by v.
32
Suppose 8*h = l + 4*h - 740, 4*h = -2*l + 1528. Calculate the remainder when l is divided by 187.
8
Let a(l) = -l**3 + 12*l**2 + 3*l + 23. Let f be a(12). Let x = -48 + f. What is the remainder when 19 is divided by x?
8
Let l(s) = 2*s**3 - 14*s**2 - 14*s - 23. What is the remainder when l(11) is divided by 72?
71
Suppose -4*a - 91 = 5*c - 272, -3*c = 4*a - 187. Calculate the remainder when a is divided by 19.
11
Let x be -8 + 164 + (1 - 0)*4. Suppose k = -0 - 2. Calculate the remainder when ((-1)/k)/(2/x) is divided by 7.
5
Let x(k) = 13*k + 27. Let o be x(-7). Let y = -56 - o. What is the remainder when y is divided by 5?
3
Let k be (82/8)/((-2)/8). Let g = k + 69. What is the remainder when 110 is divided by g?
26
Let a be 